10011010011000111011
In base 3, what is 12111112 + -10001211200?
-2212100011
In base 14, what is -92 - -269592?
269500
In base 4, what is 22121210221231 + 10?
22121210221301
In base 13, what is -15 + 285339?
285324
In base 9, what is 28587 - -23488?
53186
In base 8, what is -351225 - -1042?
-350163
In base 3, what is 2211202 - -102200?
10021102
In base 8, what is 6 + 6405270?
6405276
In base 11, what is 10 + -117a5a9a?
-117a5a8a
In base 5, what is 132031 + 102413?
234444
In base 10, what is -200556 - 33?
-200589
In base 3, what is -200201111011 + 22022?
-200201011212
In base 13, what is -3224 + -7787a?
-7aaa1
In base 11, what is 23 + -255306?
-255293
In base 15, what is -a7356 - -11?
-a7345
In base 12, what is 8 + 1040733?
104073b
In base 3, what is 21211001 + 2020211202?
2112122210
In base 4, what is -102113 + -21231213?
-21333332
In base 12, what is 32062 - -1184?
33226
In base 3, what is -2 + -11022010002?
-11022010011
In base 10, what is 6025 + 93238?
99263
In base 11, what is 2449a1 + -320?
244681
In base 13, what is 1 - -9b0797?
9b0798
In base 2, what is -10110110001101011101111 + -1001?
-10110110001101011111000
In base 4, what is -1203032 + 2200111?
331013
In base 10, what is -9036 + 16058?
7022
In base 11, what is -18715023 - -4?
-1871501a
In base 16, what is -de + 22e7a?
22d9c
In base 8, what is -215020332 + 3?
-215020327
In base 2, what is 1 + 1011100111000100100100?
1011100111000100100101
In base 7, what is 41116 - 23?
41063
In base 6, what is -5 + 112513422?
112513413
In base 2, what is -111000010010010010100 + -101111?
-111000010010011000011
In base 4, what is 322313233321 - -30?
322313300011
In base 6, what is 502011255 - -1?
502011300
In base 7, what is 11463466 + 144?
11463643
In base 10, what is 5 + -2265875?
-2265870
In base 7, what is 1026 - 23613?
-22554
In base 3, what is 1220111 - 220201220202?
-220200000021
In base 9, what is -3 + 4746572?
4746568
In base 4, what is -23210131 - 33030?
-23303221
In base 12, what is -7b7a0 - -b96?
-7a806
In base 12, what is -10117 + b755?
-582
In base 4, what is 12 + 21012020130?
21012020202
In base 14, what is 101 - -9a048?
9a149
In base 6, what is 3345243102 + 12?
3345243114
In base 9, what is 2223 - 6078?
-3755
In base 11, what is 26a257 + -795?
269572
In base 12, what is 1b7 + -51419?
-51222
In base 7, what is -1140155 - -532?
-1136323
In base 16, what is -256 + 1334?
10de
In base 10, what is -22624 + -1470?
-24094
In base 11, what is -5884 + -20a2?
-7976
In base 8, what is 1335 + -243?
1072
In base 14, what is -ca4175 + -2?
-ca4177
In base 3, what is 1000002211211 + -2221?
1000002201220
In base 16, what is e7 - 41d7?
-40f0
In base 11, what is -16477 + -2841?
-19208
In base 5, what is 14020302 - 33222?
13432030
In base 11, what is 15a98 - -75?
16062
In base 15, what is 3 - -3ca210?
3ca213
In base 11, what is 3 + 2a8834?
2a8837
In base 16, what is -5364bf - 3?
-5364c2
In base 5, what is -1 - 30441432133?
-30441432134
In base 16, what is 2 + -5168aa?
-5168a8
In base 3, what is 10010220121 + -110000?
10010110121
In base 5, what is 321343012 - -10?
321343022
In base 6, what is -1104 + -5531054?
-5532202
In base 14, what is 10bc1 + 15c?
10d3d
In base 5, what is 3042330 - -11123?
3104003
In base 15, what is -5 + -7ae71?
-7ae76
In base 6, what is 3 + 5245230231?
5245230234
In base 15, what is -4a721ee - 5?
-4a72204
In base 12, what is 7b70b5 - 7?
7b70aa
In base 8, what is 3 + 17057621?
17057624
In base 11, what is 782a - 91a6?
-1477
In base 7, what is -35356134 - 0?
-35356134
In base 7, what is 36665 + 161151?
231146
In base 7, what is -50 - 6016256?
-6016336
In base 11, what is -40aa94 + 148?
-40a947
In base 15, what is -2a031 + 23?
-2a00d
In base 5, what is 21 - -20114143321?
20114143342
In base 9, what is 115 - -50457?
50573
In base 4, what is 332332 - -112?
333110
In base 14, what is 161946 - 4?
161942
In base 8, what is -3 - 7252532?
-7252535
In base 14, what is 985859 + -123?
985736
In base 3, what is 200022 + 20221102010?
20222002102
In base 14, what is 1 + 3d51b7?
3d51b8
In base 15, what is 87a + -384?
4e6
In base 4, what is 130131100 + 12223?
130203323
In base 15, what is -5a6b + -1cc?
-5c48
In base 15, what is -3e42b - -e5?
-3e336
In base 15, what is -3c6b - 4?
-3c70
In base 12, what is 711 + 13997?
144a8
In base 15, what is 10a71 + 19?
10a8a
In base 11, what is 3 - -69038463?
69038466
In base 4, what is -3021222230 + -21?
-3021222311
In base 13, what is -1153a9 + 10?
-115399
In base 7, what is 521341663 + 4?
521342000
In base 14, what is -345b + 124?
-3337
In base 6, what is 113350 + 1030?
114420
In base 11, what is -1070 + -64040?
-65100
In base 14, what is 3c7a9c0 - -3?
3c7a9c3
In base 15, what is 1081 + d2a5?
e336
In base 8, what is 36 + 14063511?
14063547
In base 7, what is 5 + 253142661?
253142666
In base 10, what is -9693 + -382?
-10075
In base 12, what is -19 + -423488?
-4234a5
In base 3, what is 12 - 121212100122221022?
-121212100122221010
In base 16, what is -2 + 262e06?
262e04
In base 7, what is -105153 + 1364?
-103456
In base 16, what is 1619b + -d5?
160c6
In base 12, what is -1a435b11 + -3?
-1a435b14
In base 10, what is 3 - -80276653?
80276656
In base 12, what is -102089 - -22ab?
-bb99a
In base 3, what is -2021122 - -1110122200?
1101101001
In base 5, what is -2 + 34002041203?
34002041201
In base 14, what is b - 5737dc7?
-5737dba
In base 12, what is -5728 + -1112?
-683a
In base 2, what is 10001101001010100100101011111 + 11?
10001101001010100100101100010
In base 6, what is 5302330353 + 4?
5302330401
In base 14, what is 15d3cb + -44?
15d387
In base 15, what is -a21986 + 2?
-a21984
In base 10, what is -20491866 + -4?
-20491870
In base 11, what is -a - 2a85a05?
-2a85a14
In base 7, what is -66 + -1162533?
-1162632
In base 8, what is 24144735 - 3?
24144732
In base 8, what is -7400 - -561?
-6617
In base 11, what is -3a - 3963559?
-3963598
In base 4, what is 2301031 + -21111?
2213320
In base 10, what is -48364707 + 1?
-48364706
In base 6, what is 325022331140 + -3?
325022331133
In base 5, what is -1021303312 - 0?
-1021303312
In base 16, what is 1 - 394bfc3?
-394bfc2
In base 13, what is -57a0 + -56?
-5826
In base 8, what is -764544202 + 2?
-764544200
In base 3, what is 20120002201212 - 21?
20120002201121
In base 14, what is -c00c + -301?
-c30d
In base 11, what is 35818a - 36?
358154
In base 7, what is 2600616 - -13?
2600632
In base 15, what is -cb + -4c3c1?
-4c49c
In base 3, what is 2020020122011210220 + -11?
2020020122011210202
In base 7, what is -64562035 - 5?
-64562043
In base 2, what is -111011011010100 + 101100001?
-111010101110011
In base 8, what is 7 + -62172016?
-62172007
In base 14, what is 34315 - -30?
34345
In base 15, what is -44b28ca - -5?
-44b28c5
In base 3, what is -211202 + -1200011010220?
-1200011222122
In base 5, what is -1413320121304 + -1?
-1413320121310
In base 11, what is 3 + 365a46?
365a49
In base 15, what is -302353 - -1?
-302352
In base 3, what is -12221011 + 21120?
-12122121
In base 9, what is -33114650 - -1?
-33114648
In base 11, what is -31401564 + 4?
-31401560
In base 13, what is -45 + 1ab79?
1ab34
In base 5, what is 1300 + 1131044014?
1131100314
In base 2, what is 100100 + 1111110011100011100?
1111110011101000000
In base 16, what is -3 + 42d47e?
42d47b
In base 14, what is 6bd - 10d94?
-106b5
In base 10, what is 57664 - -236?
57900
In base 6, what is -4 - -2332421125?
2332421121
In base 11, what is -4 - 4258281?
-4258285
In base 3, what is -100220220222 + 111102?
-100220102120
In base 10, what is -2521352 - 1?
-2521353
In base 8, what is -26 + 6160?
6132
In base 13, what is -1 + -50b578?
-50b579
In base 8, what is 24 - -1204106?
1204132
In base 2, what is -1110100100011 - 11010011?
-1110111110110
In base 14, what is -579 - 34dd?
-3a78
In base 10, what is 0 - 109913523?
-109913523
In base 2, what is 10100 + -10011011100110001?
-10011011100011101
In base 5, what is 1402 - -22303022?
22304424
In base 8, what is 312760333 + -5?
312760326
In base 6, what is -113255503 - -104?
-113255355
In base 4, what is 2213131033 + 1103?
2213132202
In base 6, what is 2344155 + -41?
2344114
In base 4, what is 11 + -22313132220?
-22313132203
In base 5, what is -444412001 - -23?
-444411423
In base 12, what is -a754 - -3a5b?
-68b5
In base 16, what is 14 + 127d3e?
127d5